the units digit of z?
7
Suppose -15*h = -19*h + 16, 5*h - 6098 = -2*w. What is the hundreds digit of w?
0
Let g(p) = 835*p**2 - 252*p - 1. What is the units digit of g(7)?
0
Suppose 5*u - 7*u = -8. Suppose 4*i + 2*k = 2*i + 12, 0 = u*i + k - 18. Suppose -m = -3*m + l + 246, -4*m = -i*l - 496. What is the units digit of m?
2
Suppose -8*n = -4*n - 12. Suppose -n*m + 33 = 4*l, -2*l + 0*l = 5*m - 41. What is the hundreds digit of m/(14/(-2))*(-111)/1?
1
Let b(h) = -12*h - 3857. Let k(a) = 9*a + 2572. Let y(v) = 5*b(v) + 8*k(v). What is the tens digit of y(0)?
9
Suppose 5*z - 4*v + 4537 = 0, -3*z = 7*v - 5*v + 2709. Let i = -443 - z. What is the hundreds digit of i?
4
Let t(p) = -p**3 + 5*p**2 + 6*p - 1. Let u be t(6). What is the units digit of (-3)/u*(-7532)/(-84)?
9
What is the hundreds digit of (-230160)/(-54) - 26/117?
2
Let x = 94 + -99. What is the tens digit of (611 - -5 - 2) + x?
0
Let l(x) = 254*x + 531. What is the thousands digit of l(21)?
5
Let c = 5 + -2. Let d(n) = n**2 + 2*n - 13. Let o be d(c). Suppose 0 = -o*v + v + 91. What is the tens digit of v?
9
Let d = 129 - 122. What is the units digit of ((1/(-4))/(-1))/(d/4844)?
3
Let c(w) = 2*w**2 - 13*w + 7. Let l be c(6). Let d be (-1)/(l*4/(-8)). Suppose 3*v + 85 = o, -3*v + 49 + 103 = d*o. What is the units digit of o?
9
Let d(i) be the first derivative of i**3/3 - 6*i**2 - 49*i - 1. Let v(b) = b**3 + 40*b**2 - 5*b - 177. Let z be v(-40). What is the tens digit of d(z)?
0
Suppose -21*p + 186002 + 169133 = 34*p. What is the units digit of p?
7
Suppose 135 + 165 = 12*f. Suppose 5*a = -10 + f. What is the units digit of (8/(-3))/(a/(63/(-14)))?
4
Let a = 301 + -273. Suppose 40*q = a*q + 1368. What is the hundreds digit of q?
1
Suppose -3*b = 5*d - 2, -3 + 0 = 3*b. Suppose 3*s = -5*h - 411, -d - 3 = 2*s. Let k = h + 82. What is the units digit of k?
1
Suppose -2*a + 12*a = 40. Suppose -3 = 5*o - a*o. What is the tens digit of o*8/60*-265?
0
Suppose -2*t = f + 2*f - 3690, -5*t - 1247 = -f. Suppose 32 = 5*x - 3*r - 117, x - 19 = -3*r. What is the tens digit of (34/8)/(x/f)?
8
Let k(c) = c**3 - 10*c**2 + 8*c + 13. Let p = 33 + -24. Let b be k(p). Suppose 4*x + g - 72 = 0, -x + g = b*g - 29. What is the tens digit of x?
1
Suppose a = 9, 0 = -3*i - 5514*a + 5512*a + 34584. What is the thousands digit of i?
1
Let s(c) = 26*c - 4. Let b(q) = -51*q + 9. Let v(h) = -4*b(h) - 7*s(h). What is the tens digit of v(9)?
9
Suppose 3*g = 4*h - 118944, -h + 29736 = 63*g - 68*g. What is the tens digit of h?
3
Let s(f) = 132*f + 70. Let j(r) = -r + 3. Let b(n) = 8*j(n) - s(n). What is the hundreds digit of b(-6)?
7
Let k be (-7)/(-1)*(-3 - 162/(-42)). Suppose -1175 = -k*v - 125. What is the units digit of v?
5
What is the thousands digit of 0/(52/(-26)) - (2/2 - 20004)?
0
What is the hundreds digit of (-38)/20 + 8/20 - (-272445)/30?
0
Let p = 334 + -334. Suppose 2*m + 722 - 2126 = p. What is the units digit of m?
2
Suppose 0*r + 5*r + 415506 = 31*r. What is the tens digit of r?
8
Let p(w) = -w**3 - 5*w**2 - 6*w + 2. Let n be p(-3). Suppose 4*a - 778 = 2*s, 7*a = 4*a - n*s + 601. What is the tens digit of a?
9
Let k(s) be the third derivative of s**6/40 - s**5/30 + 5*s**4/24 - 5*s**3/3 + s**2 + 33. What is the hundreds digit of k(6)?
5
Suppose 22*u - 54789 = 7273. Let c = u + -1910. What is the units digit of c?
1
Let u = -21469 - -40204. What is the ten thousands digit of u?
1
Suppose -42*x + 803510 = -175258. What is the units digit of x?
4
Let i(z) = 160*z**2 - 33*z - 254. What is the units digit of i(-13)?
5
Let p(k) = -k + 8. Let i be p(3). Suppose 457 - 157 = i*f. Suppose 3*z + f = 4*z. What is the units digit of z?
0
Suppose 16*s - 18 = -2. Let i(u) = 274*u**3 - 7*u**2 + 3*u + 3. What is the units digit of i(s)?
3
Suppose k + 17*t - 107 = 12*t, 4*t - 348 = -4*k. Suppose 0 = -3*m + 3, -3*x - 7*m + 2*m + 32 = 0. Let n = k + x. What is the tens digit of n?
9
Suppose -7*t = 2*t. Suppose t = 2*j - 12 - 4. Let p(a) = 3*a**2 - 5*a - 6. What is the hundreds digit of p(j)?
1
Suppose 0 = s + 3045 - 10222. What is the hundreds digit of s?
1
Let p(q) = 9*q**3 + 13*q**2 - 15*q + 4. What is the tens digit of p(8)?
2
Let d be ((-2)/5)/((-48)/(-60))*-14. Suppose d*p - 4208 = -43. What is the tens digit of p?
9
Suppose 454*i - 222*i - 227*i = 4400. What is the tens digit of i?
8
Suppose -4*k + 92185 = -13695. What is the ten thousands digit of k?
2
Let c = 33393 + -13212. What is the hundreds digit of c?
1
Let s(r) = -33 + 6*r + 11*r - 27*r + 7*r. Let g be s(-13). Let q(p) = -p**3 + 11*p**2 - 3*p - 3. What is the hundreds digit of q(g)?
1
What is the tens digit of 13876 + (7 + 335/(-45))*-9?
8
Let h(s) = -12*s**3 - 4*s**2 - s + 2. Suppose -6*f - 8 = -10*f. Suppose -l = 3*v - 5*l + 6, 0 = 2*v - f*l + 4. What is the units digit of h(v)?
4
Suppose -3*i + 204 = -276. Let h = -30 - i. Let c = h - -276. What is the tens digit of c?
8
Let r(j) = -2329*j + 3105. What is the ten thousands digit of r(-6)?
1
Let j be 0 + (-11)/(-7) - (-504)/1176. Let d = -11 - -15. Suppose -j*w = 3*r - 127, -d*w + 6 = 2*r - 244. What is the tens digit of w?
6
Let k = -28 + 46. Let m be (k/(-8))/((-15)/1880). Suppose c = d - 74, -d + m = 3*d + 3*c. What is the tens digit of d?
7
Suppose 0 = -9*x + x - 296. Let r = 37 + x. Suppose -3*j + 5*f + 32 = -r*f, -f = -2*j + 26. What is the tens digit of j?
1
Suppose 153*v - 6309 = -r + 151*v, 0 = 3*r + 4*v - 18927. What is the units digit of r?
9
Let g = -6 - -26. Suppose -g = -4*d - 36. What is the tens digit of 3/(6/d) - (-16)/1?
1
Let h = 1064 - 1062. Let j(s) = -s**2 - 6*s + 2. Let o be j(-5). Suppose 5*z - 2*c = 1403, o*z - 2*z - 1387 = -h*c. What is the units digit of z?
9
Suppose -5*q + 5*v + 2 - 12 = 0, -5*q = v - 14. Suppose 2*i + 1776 = 4*a, 3*i - 888 = -q*a - 0*i. What is the hundreds digit of a?
4
Let d(i) = 3*i + 14. Let a be d(-4). Suppose k = -k + 4*l - 72, -168 = 5*k + a*l. Let h = 78 - k. What is the tens digit of h?
1
What is the units digit of ((129/(-15))/(8/(-10)))/(192/413952)?
7
What is the units digit of (-8519)/2*(-1140)/665?
2
Let g = -529 - -56. Let i = -390 - g. What is the tens digit of i?
8
What is the thousands digit of -4 + 20/(-130) + 5 + 1198350/65?
8
Let v(q) = 12*q - 42. Let c be v(14). Suppose 4*y - 4*g - c = 602, 3*g + 180 = y. What is the units digit of y?
3
Let u(q) = -4881*q**3 - 2*q**2 + 6*q + 4. What is the thousands digit of u(-1)?
4
Let w(z) = -25*z + 42. Let s(r) = 13*r - 21. Suppose 3*v = 9*v - 18. Let o(g) = v*w(g) + 7*s(g). What is the units digit of o(2)?
1
What is the units digit of (20492 - -34) + 6*(6 + (-44)/8)?
9
What is the tens digit of 373/((-3)/((-66)/4) - 28/(-88))?
4
Suppose -2*h - h - 39 = -i, 0 = 2*i + 3*h - 33. What is the hundreds digit of i/(-7)*((-236)/8 + -2)?
1
Suppose 0 = g - 45*w + 32*w - 3798, -2*g - w = -7623. What is the tens digit of g?
1
Suppose 153*w - 128*w - 25475 = 0. What is the units digit of w?
9
Let a(o) = 36*o**2 + 8*o + 9. Let k be a(-3). Let j = k - 37. Let h = 513 - j. What is the hundreds digit of h?
2
Let p(z) = 239*z**2 - 39*z - 170. What is the thousands digit of p(-4)?
3
Let l(r) be the first derivative of r**5/5 - r**4/3 - 16*r**3/3 + 4. Let k(p) be the third derivative of l(p). What is the hundreds digit of k(7)?
1
Let o(r) = -10*r**3 - 7*r**2 + 4*r + 3. Let v be o(1). Let w(g) = -154*g + 15. What is the tens digit of w(v)?
5
Let o(r) = 14*r + 23. Let k be o(-12). Let a = 39 - k. Suppose a + 64 = 4*m. What is the tens digit of m?
6
Let h = 7526 - 5480. What is the hundreds digit of h?
0
Suppose 0 = 5*n + 11 + 144. What is the tens digit of -12 - -12 - 5*n?
5
Let j(f) = 24489*f**2 + 50*f - 1. What is the ten thousands digit of j(-1)?
2
Suppose 4*c - 20227 = -5*n + 269937, 0 = 2*n + 2*c - 116066. What is the tens digit of n?
3
Let p(f) = -f**3 + 5*f**2 + 4*f + 14. Let k be p(6). What is the tens digit of -82*(-9)/(-36)*(-64)/k?
5
Let u(s) = -7*s**3 + 3*s**2 - 9*s + 39. What is the hundreds digit of u(-14)?
9
Let h be 2496/(-247) + (-3)/(57/(-2)). What is the tens digit of 164/(-410) - 1/(h/4614)?
6
Let h = 402 + -958. Let x = h - -1070. What is the units digit of x?
4
Let j(z) = -1679*z + 3235. What is the ten thousands digit of j(-9)?
1
Let m(z) be the first derivative of 20*z**2 + z + 21. Let q be m(1). Sup